 4*x - 27. Let b be k(-16). Let l = 1635 - b. What is the hundreds digit of l?
5
Let g = 71 - 62. Suppose g = 15*q - 16*q. Let j = q - -24. What is the units digit of j?
5
Let m = 49553 - 10324. What is the thousands digit of m?
9
Suppose 241169 + 1766 = 55*i. What is the hundreds digit of i?
4
Suppose 0 = 4*s, -3*i - 3632 = -5*s - 15212. What is the thousands digit of i?
3
Let d = -22454 - -32290. What is the thousands digit of d?
9
Let g = 407 - 413. What is the tens digit of (-12700)/30*9/g?
3
Suppose -3*w - 12 = 0, -2*x + 4*w = -5*x - 16. Suppose -9*n + 14*n - 740 = c, x = 2*n - c - 296. What is the tens digit of n?
4
What is the thousands digit of (-48369)/2*15/((-135)/6)?
6
Let t(x) be the first derivative of x**4/4 - x**3 + 7*x**2/2 - 7*x + 8. Let c be t(4). Let a = c + -12. What is the units digit of a?
5
Let j = 63224 + -35341. What is the thousands digit of j?
7
Suppose -4*a - 33799 + 323161 = 3*z, -4*z = -a + 72350. What is the hundreds digit of a?
3
Let g(x) = 4*x**2. Let u be g(-1). Suppose u*r + 5*b = -r + 1875, -3*b + 1885 = 5*r. Suppose -r = 14*w - 18*w. What is the units digit of w?
5
Suppose 88*x - 39*x = 42*x + 80430. What is the units digit of x?
0
Let f(h) = h**3 + 79*h**2 - 138*h - 184. What is the ten thousands digit of f(-79)?
1
What is the units digit of (3494/(-8))/((-82)/656)?
4
Let t(w) = -1587*w - 880. What is the units digit of t(-18)?
6
Let t be (-4)/(-8) - (-9)/6. Suppose -2*v + 1470 = -6*u + 8*u, -t*u + 1467 = -v. What is the hundreds digit of u?
7
Suppose 3*p - 42 = -3*h, 3*p - 4*h - 35 = 28. Let m(q) = 17*q - 8*q + 99*q + p*q - 1. What is the hundreds digit of m(2)?
2
Let x(n) = 2*n**3 - 31*n**2 + 15*n - 1. Let m be x(15). What is the tens digit of 1 - (208 - -3)/(m/3)?
3
Let i(a) = -2*a**2 - 11*a - 14. Let l be i(-2). Suppose l = 8*p + 2*p - 8360. What is the tens digit of p?
3
Let h(j) be the second derivative of j**4/4 - 2*j**3/3 - j. Suppose 552 = 123*i - 31*i. What is the tens digit of h(i)?
8
Let l be 6/4*-20*6/(-12). What is the hundreds digit of (-3056)/40*l/(-6)?
1
Suppose -4*k + 2*j + 12132 = -2*j, 3*k + 4*j = 9085. What is the units digit of k?
1
Suppose 32 = 8*x - 72. Let j = x - 7. Suppose -3*s - j*f + f + 17 = 0, 2*s = -4*f + 8. What is the tens digit of s?
1
Let r be 2/6*(-13 + 16). Let l be 4*(r + (-3)/(-12)). Suppose 0 = -l*w - v + 119, -6*w = -w + 5*v - 115. What is the units digit of w?
4
Let u = 59121 + -35104. What is the ten thousands digit of u?
2
Suppose 29*c - 21*c = 15*c - 120722. What is the thousands digit of c?
7
What is the tens digit of (2025/30)/(-45)*(-100492)/6?
2
Let n(z) = -146*z - 414. What is the thousands digit of n(-20)?
2
Let c(x) = 22*x - 42. Let p be (1 - -1)/((-48)/(-136))*3. What is the tens digit of c(p)?
3
What is the thousands digit of (530361/65 + -5)*-15*(-3)/18?
0
Let q(y) = -39*y**3 + y**2 + 2*y - 6. Let k be q(-3). Suppose 3*a - b = k, -5*b + 116 = 2*a - 584. What is the units digit of a?
0
Suppose 2*b + 3*c = 8, 17 = 3*b + 5*c + 5. Suppose -b*g + 1100 = 5*n - 1170, -n - g = -453. What is the units digit of n?
8
What is the tens digit of (0 - 1)*2*38616/144*-87?
6
Suppose -13*a + 24 = -7*a. Suppose 585 = c + a*z, 3*z + 817 = 3*c - 998. What is the tens digit of c?
0
Suppose 4*r = 7 + 1. Suppose v + 2*x = 11, -r*v - 3*x - 5 = -8*x. Suppose 4*t - 120 = -4*f + 2*f, v*t - 144 = -f. What is the units digit of t?
8
Let l = 37986 + -19082. What is the hundreds digit of l?
9
Let t(u) = 29*u - 23. Let n be t(3). Suppose 3*l + 4*q - n = 0, -11*q + 72 = 5*l - 13*q. What is the units digit of l?
6
Suppose 0 = 19*x - 0*x - 38. Suppose -4*m + 24 = x*i - 3*i, -5*i + 5*m = 75. What is the units digit of (-4)/(-6) + (-64)/i?
6
Let v be (4/(-16)*33)/((-6)/16). Suppose 17*s + 405 = v*s. Suppose -s*r + 80 = -80*r. What is the units digit of r?
0
Suppose -5*u - 49 = -2*z, 0 = -u - 3*u - 4. Let p be z/8 + (-22)/8 + 3. Suppose p*y + 180 = 7*y. What is the tens digit of y?
4
Suppose 2*l + 70 + 644 = 0. Let p = l - -531. Suppose -p = -2*v - 0*v. What is the units digit of v?
7
Let h(k) = -3*k + 26. Let a be h(8). Suppose a*d - 398 = -5*j, -6*d + 9*d - 602 = -5*j. What is the hundreds digit of d?
2
Let d = -496 + 1326. Suppose 0 = g - 2*f - 430 + 12, 0 = 2*g - 2*f - d. What is the tens digit of g?
1
Let r be (-5)/(-5)*(4 - (-2 + 2)). What is the tens digit of 1 + 0 - (-804)/r?
0
Suppose -18*k - 641808 = -54*k. What is the tens digit of k?
2
Suppose m - 54 + 55 = 0. Let l be 2 + -2 + 0 - 3. What is the units digit of (-9)/l*m - -11?
8
Suppose x = -3*x - 4*n + 332, 0 = -4*n + 4. Let f = 85 - x. Suppose -2*i + i + 256 = -5*v, -f*i + 5*v + 798 = 0. What is the hundreds digit of i?
2
Let l = -13 + 15. Suppose l*b = -3*b. Suppose -3*q - 176 = -2*w + q, b = 2*w - 5*q - 171. What is the units digit of w?
8
What is the tens digit of ((-340)/15)/(-7 + 5704/816)?
1
Suppose 0 = -5*p - 37 + 52. Suppose 2*c = 5*u + 89, 0 = -0*u + u - p. What is the units digit of c?
2
Suppose -3252 = -6*p + 6462. Suppose -2*r - 331 = -h, 5*h - p - 81 = r. What is the hundreds digit of h?
3
Let s(w) = 2263*w + 4. What is the hundreds digit of s(3)?
7
Suppose -f = -t - 9201, 3*f - 2*t - 9203 = 2*f. What is the thousands digit of f?
9
Suppose -7*h + 4*h + 21740 = 4*p, -28988 = -4*h - 4*p. What is the thousands digit of h?
7
Let q = 3 + -1. Suppose 17 = q*k + p, -2*p + 54 = 5*k + 10. Let x = k + 23. What is the units digit of x?
3
Let x(l) = -41*l**3 + 47*l**2 + 12*l + 88. What is the hundreds digit of x(-8)?
9
Let a = 42 + -46. What is the tens digit of (242/a)/((-24)/48)?
2
Suppose -632556 = -14*g - 186334. What is the ten thousands digit of g?
3
Suppose 3*x - 12336 - 74909 = -2*i, 5*x = -3*i + 130865. What is the units digit of i?
0
Let m(p) = -p**2 + 11*p. Let o be m(7). Suppose 0 = -4*i - 4 + o. What is the tens digit of ((-5)/2)/((-1)/i)?
1
Suppose -8*s - 38 = 42. Let t(f) = -7*f - 31. What is the units digit of t(s)?
9
Let v(b) = 11*b - 19. Suppose 4*c - 20 = -0*c, 4*w + 4*c - 80 = 0. Let p be v(w). Let f = -76 + p. What is the units digit of f?
0
Let d(j) = -2*j + 12. Let w be d(5). Suppose 2*t - 34 = 5*i - 0*i, -2*t + w*i + 22 = 0. Suppose t*v - 70 = 5*v. What is the tens digit of v?
3
Let p(f) be the third derivative of f**6/120 - f**5/15 + f**4/12 + f**3 - 433*f**2 - 2*f. Let l = 6 - 0. What is the units digit of p(l)?
0
Let h = 982 - 623. Let c = 903 - h. What is the tens digit of c?
4
Suppose -3*y + 3*m + 23163 = 0, 33*m - 29*m = 5*y - 38605. What is the tens digit of y?
2
Let n be (-30)/(-8) + (-6 - -1)/(-20). Suppose -863 = -n*q + 1. What is the units digit of q?
6
Suppose -3*w + 3*z = -3, 31*w - 5*z + 16 = 33*w. Let y be 12*(1/(-2) + -1). What is the tens digit of (w*(-8)/y)/(6/117)?
2
Let o = 30 + -14. Suppose 4*x + v - 70 = 0, 5*v = -2*x + 28 + o. Suppose 5*l - 5*i = 45, -8 = 5*i + x. What is the units digit of l?
4
What is the tens digit of ((-6000)/(-2500))/(1/(-465)*6/(-5))?
3
Let m be ((-6)/10)/((-3)/(-75)*-5). Suppose -50 = -3*z + 4*o + 1175, m*z + 3*o = 1197. What is the units digit of z?
3
Let d(k) = 3*k**2 - 12*k + 6. Let j be (4 - -7) + (-2 - 1). Let h be d(j). Suppose u = -2*u + h. What is the units digit of u?
4
Let h(r) = 15*r**2 - 83*r - 1. Let z be h(7). Suppose 3*x + z - 357 = 0. What is the tens digit of x?
6
Let x = -16 - -12. What is the thousands digit of (-1997)/4*(-40)/10 - x?
2
Suppose 48*r = -971 - 37. Let t(m) = m**3 + 26*m**2 + 65*m + 35. What is the tens digit of t(r)?
7
Suppose 6*n = -8*n + 42. Suppose -4*z - 2*k = -18, z + 7 = -n*z + 3*k. Suppose 0 = -z*j, 0 = 2*m + 2*m + 2*j - 708. What is the units digit of m?
7
Let u(h) = 105*h. Let z be u(1). What is the tens digit of (90/25 + 2 + 2)*z?
9
Suppose -5*u + 52309 = 4*q - 18204, -4*q = -3*u + 42263. What is the ten thousands digit of u?
1
What is the tens digit of 2/31 - 15147576/(-248)?
7
Suppose 338 = 2*o + 120. Suppose -5*z = 3*l - o, 0 = -2*l + 2*z + z + 98. Suppose -3*y = -l - 335. What is the hundreds digit of y?
1
Suppose 4*d + 1175 = 3*x, -22*x = -26*x - d + 1554. Let n = -412 - -863. Suppose n = 4*t - x. What is the hundreds digit of t?
2
Let c(k) = 125*k**2 + 57*k - 13. What is the thousands digit of c(-18)?
9
Suppose 5 = -11*d + 12*d. Suppose -d*s = 4*k - 44, -3*k - 2*k - s + 34 = 0. Suppose -3*f = k, -4*h 